249. What is o(-25)?
3026
Let h(w) = -w**3 + 8*w**2 - 544*w - 5360. What is h(-8)?
16
Let x(v) = -140*v**2 - 752*v + 8. Give x(0).
8
Let l(s) = 145436*s - 1454327. Calculate l(10).
33
Let s(g) = -335663*g - 335679. Give s(-1).
-16
Let i(f) = 4*f**2 + 9959*f + 128764. What is i(-13)?
-27
Let n(p) = -p**2 + 96*p + 848. Give n(-9).
-97
Let n(i) = -1723*i + 49950. What is n(29)?
-17
Let w(y) = 193*y + 3594. Give w(-19).
-73
Let d(z) = 63*z**2 - 608*z + 9. Calculate d(7).
-1160
Let a(m) = 149*m + 2829. Determine a(-30).
-1641
Let c(a) = -68*a**2 - 2614*a + 1462. Calculate c(-39).
-20
Let l(h) = 3*h**2 - 4683*h - 440536. Give l(-89).
14
Let f(o) = 50*o**2 + 3452*o + 17. Give f(-69).
-121
Let d(f) = -24*f**3 + 1081*f**2 - 51*f + 49. Calculate d(45).
-221
Let l(i) = 30*i**2 - 4858*i - 5221. What is l(163)?
-5
Let z(k) = -181*k - 18861. Give z(-106).
325
Let v(w) = -2*w**3 + 60*w**2 + 55*w - 429. Give v(29).
2848
Let p(t) = t**3 + 67*t**2 - 370*t - 20010. Determine p(-68).
526
Let h(f) = 12189*f - 207159. What is h(17)?
54
Let g(m) = 3981*m - 149314. Give g(37).
-2017
Let c(h) = -h**2 - 368*h - 27317. What is c(-181)?
6530
Let j(s) = 2*s**3 - 23*s**2 + 256*s - 978. Determine j(5).
-23
Let f(w) = -w**3 + w**2 + 308*w - 683. What is f(17)?
-71
Let h(o) = o**2 - 266*o + 9657. Give h(50).
-1143
Let s(k) = 829*k**2 - 482*k + 474. Calculate s(1).
821
Let m(c) = c**3 - 34*c**2 + 57*c + 103. Determine m(27).
-3461
Let i(j) = 6891*j + 151699. What is i(-22)?
97
Let a(m) = -28*m**2 + 9*m + 7. Determine a(-1).
-30
Let a(h) = 35815*h + 967001. Calculate a(-27).
-4
Let w(n) = -2*n**3 + 4*n**2 + 41*n - 134. What is w(3)?
-29
Let o(j) = -39253*j + 785066. Give o(20).
6
Let w(g) = -g**2 + 2230*g + 20146. Give w(-9).
-5
Let z(t) = -274220*t + 274191. Calculate z(1).
-29
Let z(o) = 2*o**2 + 999*o - 5141866. Calculate z(1373).
19
Let o(y) = -y**2 + 3468*y - 261033. Determine o(77).
74
Let f(z) = -12*z**3 - 122*z**2 - 28*z - 416. Determine f(-10).
-336
Let s(i) = -858*i - 33540. Give s(-39).
-78
Let x(t) = 120*t**2 + 231*t - 381. Determine x(-3).
6
Let z(b) = -110708*b - 774990. Give z(-7).
-34
Let r(x) = x**3 + 56*x**2 + 902*x - 9409. What is r(7)?
-8
Let f(y) = y**3 - 2*y**2 + 407*y + 5276. Give f(-10).
6
Let a(w) = 5281*w**2 - 15838*w - 3. What is a(3)?
12
Let u(r) = r**2 + 45*r + 403. Determine u(-17).
-73
Let l(a) = a**2 - 119*a - 12295. Determine l(-66).
-85
Let o(b) = -302*b - 6489. Give o(-21).
-147
Let s(u) = 188419*u + 1884161. What is s(-10)?
-29
Let c(k) = -k**2 + 309*k - 18780. Calculate c(68).
-2392
Let c(f) = -23303*f - 93206. Determine c(-4).
6
Let l(v) = -2*v**3 - 41*v**2 + 748*v - 209. Give l(-32).
-593
Let j(u) = -u**3 + 47*u**2 + 62*u + 1388. Calculate j(48).
2060
Let u(i) = 103*i - 16405. Calculate u(159).
-28
Let o(q) = -26*q**2 - 106*q - 66. Calculate o(-3).
18
Let a(r) = -162*r - 39259. Calculate a(-229).
-2161
Let q(i) = -42*i**3 + 754*i**2 + 30*i + 92. Determine q(18).
-16
Let y(z) = -4*z**2 - 20*z - 121. Give y(-24).
-1945
Let z(r) = 1468*r - 14906. Calculate z(10).
-226
Let z(v) = 209*v**2 - 241179*v - 8088. Give z(1154).
-10
Let a(v) = -406*v**3 - 2853*v**2 + 61*v + 970. Calculate a(-7).
4
Let u(f) = 823*f + 389273. Calculate u(-473).
-6
Let d(f) = 539*f + 45327. What is d(-83)?
590
Let a(l) = -552*l + 66751. Give a(119).
1063
Let j(h) = h**3 - 766*h**2 - 6994*h + 14737. What is j(775)?
12
Let v(i) = 113*i - 4449. Calculate v(39).
-42
Let g(r) = r**2 + 6025*r + 42134. Calculate g(-7).
8
Let t(v) = -20*v**2 + 2167*v - 731. Determine t(108).
25
Let b(k) = -k**2 + 5304*k - 26513. Calculate b(5).
-18
Let u(i) = i**2 + 295*i + 12581. What is u(-52)?
-55
Let r(m) = -1082*m + 6310. Give r(6).
-182
Let u(x) = 227*x - 24271. Calculate u(107).
18
Let t(x) = x**3 - 12*x**2 - 114*x - 51. Determine t(-6).
-15
Let y(o) = -2142*o - 267564. What is y(-125)?
186
Let i(j) = -39*j**2 + 19197*j - 134295. Give i(7).
-1827
Let u(j) = -1791660*j + 3583306. Give u(2).
-14
Let d(l) = 103*l**2 - 9078*l + 1362. Give d(88).
130
Let h(u) = -104114*u + 937210. Determine h(9).
184
Let f(v) = 2*v**2 - 15017*v + 10365343. Give f(769).
-8
Let j(t) = 36*t**2 + 393*t + 1147. Determine j(-14).
2701
Let u(b) = 3*b**2 - 400*b + 1901. What is u(5)?
-24
Let j(u) = 48856*u - 244225. Determine j(5).
55
Let v(q) = 2*q**3 - 18*q**2 - 288*q - 787. What is v(-4)?
-51
Let v(g) = -2*g**3 + 27*g**2 + 74*g - 1442. Calculate v(11).
-23
Let z(k) = -182*k + 31468. What is z(169)?
710
Let a(c) = -28732*c + 545883. Calculate a(19).
-25
Let k(h) = 12674*h - 12682. Calculate k(1).
-8
Let f(g) = -g**2 - 2535*g - 20181. Determine f(-8).
35
Let u(o) = -11636*o - 10309438. What is u(-886)?
58
Let v(i) = 31*i**3 - 7*i**2 + 44*i - 72. What is v(2)?
236
Let t(f) = f**3 + 108*f**2 + 696*f - 1127. Calculate t(-101).
-16
Let u(h) = 5*h**2 + 3832*h - 42289. Give u(11).
468
Let p(r) = -112*r + 462. Calculate p(8).
-434
Let d(m) = m**3 + 23*m**2 - 344*m - 126. Determine d(10).
-266
Let k(c) = -173*c**2 - 450*c + 251. Give k(-3).
44
Let u(r) = -6*r**2 - 2782*r + 32318. Give u(-475).
18
Let s(n) = -19345*n + 115972. Calculate s(6).
-98
Let p(v) = -17743*v - 70976. What is p(-4)?
-4
Let m(r) = 168*r + 200. Determine m(8).
1544
Let y(q) = -1566*q - 7826. Calculate y(-5).
4
Let g(n) = -14*n**3 + 102*n**2 + 31*n - 18. Give g(-4).
2386
Let a(q) = 951*q - 1971. Calculate a(3).
882
Let j(i) = -2382417*i - 19059332. Give j(-8).
4
Let m(j) = 23*j**3 - 14153*j**2 - 9247*j + 4318. Calculate m(616).
6
Let w(g) = g**3 + 404*g**2 + 19183*g - 4178. Determine w(-349).
10
Let z(y) = 396*y**2 + 13039*y - 27. Determine z(-33).
930
Let z(s) = -170*s - 712. Calculate z(-2).
-372
Let b(c) = -23529*c - 1082328. Determine b(-46).
6
Let r(b) = -445*b + 36130. What is r(82)?
-360
Let f(w) = -w**3 + 527*w**2 + 12600*w - 6904270. Give f(526).
6
Let d(r) = 21724*r - 152115. Give d(7).
-47
Let v(s) = s**3 + 69*s**2 - 46*s + 11226. Calculate v(-72).
-1014
Let j(b) = 14063*b - 1814129. What is j(129)?
-2
Let b(u) = -199*u**2 + 5*u + 48. Determine b(3).
-1728
Let s(l) = -14*l**3 - 36*l**2 + 170*l + 19. Calculate s(5).
-1781
Let f(l) = 129535*l + 4792789. Give f(-37).
-6
Let b(h) = h**3 + 23*h**2 - 1110*h + 793. Determine b(-47).
-53
Let w(u) = 2968*u + 98071. What is w(-33)?
127
Let i(y) = -7*y**3 - 153*y**2 - 836*y - 116. Give i(-12).
-20
Let a(c) = -54209*c - 1. Determine a(0).
-1
Let h(k) = k**2 + 598*k - 129670. What is h(169)?
-47
Let g(i) = i**3 + 94*i**2 + 691*i + 270. What is g(-86)?
12
Let g(d) = -106697*d - 426722. What is g(-4)?
66
Let q(i) = -2*i**3 - 135*i**2 - 337*i - 779. Determine q(-65).
1
Let a(n) = -39*n**2 + 256*n - 1185. Give a(4).
-785
Let a(n) = -17575*n + 106568. Calculate a(6).
1118
Let t(y) = 5*y**2 - 54*y - 3125. Determine t(31).
6
Let v(o) = -3694*o - 295514. Calculate v(-80).
6
Let c(l) = 4*l**2 + 15850*l + 95005. What is c(-6)?
49
Let h(u) = 759*u - 17585. What is h(25)?
1390
Let v(c) = 71*c + 948. Calculate v(24).
2652
Let n(k) = 148*k**2 + 115*k - 233. Give n(2).
589
Let l(r) = 127*r - 34803. Give l(274).
-5
Let z(c) = c**3 + 221*c**2 - 192*c + 6744. Calculate z(-222).
84
Let p(b) = -75*b**2 - 2329*b + 15. Determine p(-31).
139
Let r(m) = -m**2 + 160*m + 489. Calculate r(-3).
0
Let d(y) = -38*y**2 + 951*y + 46. Determine d(25).
71
Let t(i) = 19779*i + 415367. Give t(-21).
8
Let c(y) = -y**3 - 59*y**2 + 461*y + 21085. What is c(-61)?
406
Let h(p) = 2*p**3 - 24*p**2 - 27*p + 163. What is h(12)?
-161
Let c(z) = 4*z**2 + 1609*z - 9778. Determine c(6).
20
Let l(g) = 16335*g - 375780. Calculate l(23).
-75
Let y(b) = -12497*b + 274179. Determine y(22).
-755
Let z(f) = f**2 - 419*f + 35438. Give z(135).
-2902
Let z(h) = 5*h**3 + 16*h**2 + 34*h + 178. Determine z(-5).
-217
Let g(k) = -8*k**2 + 1983*k - 33375. Give g(17).
-1976
Let r(h) = -3*h**3 + 13*h**2 - 75*h - 21. Calculate r(6).
-651
Let o(w) = -123*w**2 - 588*w + 5. Give o(-4).
389
Let p(d) = -30*d**2 + 972*d - 244. Determine p(32).
140
Let h(d) = -6*d**2 + 268*d - 2745. Determine h(10).
-665
Let m(h) = -5627*h + 765270. What is m(136)?
-2
Let u(f) = -44*f**2 - 656*f + 87. Determine u(-15).
27
Let j(t) = 127*t + 13863. Determine j(-140).
-3917
Let k(g) = g**3 + 867*g**2 - 2135*g - 345006. Calculate k(-869).
-13
Let i(m) = -98754*m - 394819. Give i(-4).
197
Let h(w